{"id":3988,"date":"2025-06-29T02:58:58","date_gmt":"2025-06-29T00:58:58","guid":{"rendered":"https:\/\/manuelregnier.fr\/?page_id=3988"},"modified":"2025-06-29T02:58:58","modified_gmt":"2025-06-29T00:58:58","slug":"reservations","status":"publish","type":"page","link":"https:\/\/manuelregnier.fr\/index.php\/reservations\/","title":{"rendered":"R\u00e9servations"},"content":{"rendered":"<div class=\"mpa-shortcode appointment-form-shortcode\">\n<div class=\"mpa-booking-step mpa-booking-step-service-form mpa-hide\">\n\t<form class=\"mpa-service-form\" method=\"POST\" action=\"\">\n\t\t\t\t\t<p class=\"mpa-shortcode-title\">\n\t\t\t\tR\u00e9server Esp\u00e9rances\t\t\t<\/p>\n\t\t\n\t\t\t\t\t<p class=\"mpa-input-wrapper mpa-service-category-wrapper\">\n\t\t\t\t<label for=\"mpa-service-category-6a04f99028180\">\n\t\t\t\t\tCat\u00e9gorie de service\t\t\t\t<\/label>\n\n\t\t\t\t<select id=\"mpa-service-category-6a04f99028180\" class=\"mpa-service-category mpa-optional-select\" data-default=\"\" data-is-hidden=\"false\"><option value=\"\" selected='selected'>\u2014 N&#039;importe quel \u2014<\/option><\/select>\t\t\t<\/p>\n\t\t\n\t\t<p class=\"mpa-input-wrapper mpa-service-wrapper\">\n\t\t\t<label for=\"mpa-service-6a04f99028180\">\n\t\t\t\tService\t\t\t\t<strong><abbr title=\"Champs obligatoires\">*<\/abbr><\/strong>\t\t\t<\/label>\n\n\t\t\t<select id=\"mpa-service-6a04f99028180\" class=\"mpa-service\" data-default=\"0\" data-is-hidden=\"true\"><option value=\"\" selected='selected'>\u2014 S\u00e9lectionner \u2014<\/option><\/select>\t\t<\/p>\n\n\t\t\t\t\t<p class=\"mpa-input-wrapper mpa-location-wrapper\">\n\t\t\t\t<label for=\"mpa-location-6a04f99028180\">\n\t\t\t\t\tLocalisation\t\t\t\t<\/label>\n\n\t\t\t\t<select id=\"mpa-location-6a04f99028180\" class=\"mpa-location mpa-optional-select\" data-default=\"0\" data-is-hidden=\"false\"><option value=\"0\" selected='selected'>\u2014 N&#039;importe quel \u2014<\/option><\/select>            <\/p>\n\t\t\n\t\t\t\t\t<p class=\"mpa-input-wrapper mpa-employee-wrapper\">\n\t\t\t\t<label for=\"mpa-employee-6a04f99028180\">\n\t\t\t\t\tEmploy\u00e9\t\t\t\t<\/label>\n\n\t\t\t\t<select id=\"mpa-employee-6a04f99028180\" class=\"mpa-employee mpa-optional-select\" data-default=\"0\" data-is-hidden=\"false\"><option value=\"0\" selected='selected'>\u2014 N&#039;importe quel \u2014<\/option><\/select>\t\t\t<\/p>\n\t\t\n\t\t<p class=\"mpa-actions\">\n\t\t\t<button type=\"button\" class=\"button button-primary mpa-button-next\" disabled=\"disabled\">Suivant<\/button>\t\t<\/p>\n\t<\/form>\n\n\t<div class=\"mpa-loading\"><\/div>\n<\/div>\n<div class=\"mpa-booking-step mpa-booking-step-period mpa-hide\">\n\t<p class=\"mpa-shortcode-title\">\n\t\tS\u00e9lectionner la date et l&#039;heure\t<\/p>\n\n\t<div class=\"mpa-input-container\">\n\t\t<div class=\"mpa-input-wrapper mpa-date-wrapper\">\n\t\t\t<input class=\"mpa-date mpa-hide\" type=\"hidden\" value=\"\">\n\n\t\t\t<div class=\"mpa-loading\"><\/div>\n\t\t<\/div>\n\n\t\t<div class=\"mpa-input-wrapper mpa-time-wrapper mpa-hide\">\n\t\t\t<div class=\"mpa-times-container\">\n\t\t\t\t<div class=\"mpa-times  mpa-three-columns\"><\/div>\n\t\t\t<\/div>\n\t\t<\/div>\n\t<\/div>\n\n\t<p class=\"mpa-actions mpa-hide\">\n\t\t<button type=\"button\" class=\"button button-secondary mpa-button-back\">Retourner<\/button>\t\t<button type=\"button\" class=\"button button-primary mpa-button-next\">Suivant<\/button>\t<\/p>\n\n\t<div class=\"mpa-loading\"><\/div>\n<\/div>\n<div class=\"mpa-booking-step mpa-booking-step-cart mpa-hide\">\r\n\t<p class=\"mpa-shortcode-title\">\r\n\t\tYour Reservation\t<\/p>\r\n\r\n\t<div class=\"mpa-cart\">\r\n\t\t<div class=\"mpa-cart-items\">\r\n\t\t\t<div class=\"mpa-cart-item mpa-cart-item-template\">\r\n\t\t\t\t<div class=\"item-header\">\r\n\t\t\t\t\t<div class=\"cell cell-service\">\r\n\t\t\t\t\t\t<span class=\"cell-value mpa-service-name\">{service_name}<\/span>\r\n\t\t\t\t\t<\/div>\r\n\t\t\t\t\t<div class=\"cell cell-date\">\r\n\t\t\t\t\t\t<div class=\"cell-value\">\r\n\t\t\t\t\t\t\t<span class=\"mpa-reservation-date\">{reservation_date}<\/span>,\r\n\t\t\t\t\t\t\t<span class=\"mpa-reservation-time\">{reservation_time}<\/span>\r\n\t\t\t\t\t\t<\/div>\r\n\t\t\t\t\t<\/div>\r\n\t\t\t\t\t<div class=\"item-actions\">\r\n\t\t\t\t\t\t<button type=\"button\" class=\"button button-secondary mpa-button-edit-or-remove remove\">Remove<\/button>\r\n\t\t\t\t\t\t<button class=\"item-toggle\"><span><\/span><span><\/span><\/button>\r\n\t\t\t\t\t<\/div>\r\n\t\t\t\t<\/div>\r\n\t\t\t\t<div class=\"item-body\">\r\n\t\t\t\t\t<div class=\"cell cell-location\">\r\n\t\t\t\t\t\t<p class=\"cell-title\">Location:<\/p>\r\n\t\t\t\t\t\t<span class=\"cell-value mpa-location-name\">{location_name}<\/span>\r\n\t\t\t\t\t<\/div>\r\n\t\t\t\t\t<div class=\"cell cell-people\">\r\n\t\t\t\t\t\t<p class=\"cell-title\">Clients:<\/p>\r\n\t\t\t\t\t\t<div class=\"cell-value mpa-reservation-capacity\">{reservation_capacity}<\/div>\r\n\t\t\t\t\t<\/div>\r\n\t\t\t\t\t<div class=\"cell cell-employee\">\r\n\t\t\t\t\t\t<p class=\"cell-title\">Employee:<\/p>\r\n\t\t\t\t\t\t<span class=\"cell-value mpa-employee-name\">{employee_name}<\/span>\r\n\t\t\t\t\t<\/div>\r\n\t\t\t\t\t<div class=\"cell cell-price\">\r\n\t\t\t\t\t\t<p class=\"cell-title\">Price:<\/p>\r\n\t\t\t\t\t\t<span class=\"cell-value mpa-reservation-price\">{reservation_price}<\/span>\r\n\t\t\t\t\t<\/div>\r\n\t\t\t\t<\/div>\r\n\t\t\t<\/div>\r\n\r\n\t\t\t<div class=\"no-items\">\r\n\t\t\t\tYour cart is empty.\t\t\t<\/div>\r\n\t\t<\/div>\r\n\t<\/div>\r\n\r\n\t<p class=\"mpa-cart-total\">\r\n\t\tCart total: <span class=\"mpa-cart-total-price\"><span class=\"mpa-price mpa-zero-price\"><span class=\"mpa-currency\">&euro;<\/span>0<\/span><\/span>\t<\/p>\r\n\r\n\t<p class=\"mpa-actions mpa-hide\">\r\n\t\t<button type=\"button\" class=\"button button-primary mpa-button-new\">Add More<\/button>\r\n\t\t<button type=\"button\" class=\"button button-primary mpa-button-next\">Checkout<\/button>\t<\/p>\r\n<\/div>\r\n<div class=\"mpa-booking-step mpa-booking-step-checkout mpa-hide\">\n\t<form class=\"mpa-checkout-form\" method=\"POST\" action=\"\">\n\t\t<section class=\"mpa-customer-details mpa-checkout-section\">\n\t\t\t<p class=\"mpa-shortcode-title\">\n\t\t\t\tVos informations\t\t\t<\/p>\n\n\t\t\t<p class=\"mpa-required-tip\">\n\t\t\t\t<small>Les champs obligatoires sont suivis de <strong><abbr title=\"Champs obligatoires\">*<\/abbr><\/strong>.<\/small>\t\t\t<\/p>\n\n\t\t\t<p class=\"mpa-input-wrapper mpa-customer-name-wrapper\">\n\t\t\t\t<label for=\"mpa-customer-name-6a04f99028792\">\n\t\t\t\t\tNom\t\t\t\t\t<strong><abbr title=\"Champs obligatoires\">*<\/abbr><\/strong>\t\t\t\t<\/label>\n\n\t\t\t\t<input\n\t\t\t\t\tid=\"mpa-customer-name-6a04f99028792\"\n\t\t\t\t\tclass=\"mpa-customer-name\"\n\t\t\t\t\ttype=\"text\"\n\t\t\t\t\tname=\"name\"\n\t\t\t\t\tplaceholder=\"Nom\"\n\t\t\t\t\trequired=\"required\">\n\t\t\t<\/p>\n\n\t\t\t<p class=\"mpa-input-wrapper mpa-customer-email-wrapper\">\n\t\t\t\t<label for=\"mpa-customer-email-6a04f99028792\">\n\t\t\t\t\tCourriel\t\t\t\t\t<strong><abbr title=\"Champs obligatoires\">*<\/abbr><\/strong>\t\t\t\t<\/label>\n\n\t\t\t\t<input\n\t\t\t\t\tid=\"mpa-customer-email-6a04f99028792\"\n\t\t\t\t\tclass=\"mpa-customer-email\"\n\t\t\t\t\ttype=\"email\"\n\t\t\t\t\tname=\"email\"\n\t\t\t\t\tplaceholder=\"Courriel\"\n\t\t\t\t\trequired=\"required\">\n\t\t\t<\/p>\n\n\t\t\t<p class=\"mpa-input-wrapper mpa-customer-phone-wrapper\">\n\t\t\t\t<label for=\"mpa-customer-phone-6a04f99028792\">\n\t\t\t\t\tT\u00e9l\u00e9phone\t\t\t\t\t<strong><abbr title=\"Champs obligatoires\">*<\/abbr><\/strong>\t\t\t\t<\/label>\n\n\t\t\t\t<input\n\t\t\t\t\tid=\"mpa-customer-phone-6a04f99028792\"\n\t\t\t\t\tclass=\"mpa-customer-phone\"\n\t\t\t\t\ttype=\"tel\"\n\t\t\t\t\tname=\"tel\"\n\t\t\t\t\tplaceholder=\"\"\n\t\t\t\t\tautocomplete=\"on\"\n\t\t\t\t\trequired=\"required\"\n\t\t\t\t>\n\t\t\t\t<br><span id=\"mpa-customer-phone-6a04f99028792_error\" class=\"mpa-phone-field-error mpa-hide\">Phone number is invalid.<\/span>\n\t\t\t<\/p>\n\t\t\t\n\t\t<script type=\"text\/javascript\">\n\t\t\t(function() {\n\n\t\t\t\tdocument.addEventListener('DOMContentLoaded', function() {\n\n\t\t\t\t\tvar phoneInput = jQuery(\"#mpa-customer-phone-6a04f99028792\");\n\t\t\t\t\tvar phoneInputError = jQuery(\"#mpa-customer-phone-6a04f99028792_error\");\n\n\t\t\t\t\tvar iti = window.intlTelInput(phoneInput[0], {\n\t\t\t\t\t\tseparateDialCode: true,\n\t\t\t\t\t\tinitialCountry: \"FR\",\n\t\t\t\t\t\thiddenInput: \"tel\",\n\t\t\t\t\t\tutilsScript: \"https:\/\/manuelregnier.fr\/wp-content\/plugins\/motopress-appointment\/assets\/js\/intl-tel-input-17.0.19\/js\/utils.js\"\n\t\t\t\t\t});\n\n\t\t\t\t\tphoneInput.on(\"countrychange\", function() {\n\t\t\t\t\t\tshowOrHidePhoneError();\n\t\t\t\t\t});\n\n\t\t\t\t\tphoneInput.on(\"input\", function(event) {\n\t\t\t\t\t\tshowOrHidePhoneError();\n\t\t\t\t\t});\n\n\t\t\t\t\t\/\/ check fierfox autocomplete\n\t\t\t\t\titi.promise.then(()=>{\n\t\t\t\t\t\tif (phoneInput.val()) {\n\t\t\t\t\t\t\tshowOrHidePhoneError();\n\t\t\t\t\t\t}\n\t\t\t\t\t});\n\n\t\t\t\t\tfunction showOrHidePhoneError() {\n\n\t\t\t\t\t\tvar iti = window.intlTelInputGlobals.getInstance(phoneInput[0]);\n\n\t\t\t\t\t\tif (iti.isValidNumber()) {\n\t\t\t\t\t\t\tjQuery(\"input[type='hidden'][name='\" + \"tel\" + \"']\").val(iti.getNumber(intlTelInputUtils.numberFormat.E164));\n\t\t\t\t\t\t\tphoneInput.removeClass('mpa-phone-number--invalid');\n\t\t\t\t\t\t\tphoneInputError.addClass('mpa-hide');\n\t\t\t\t\t\t} else {\n\t\t\t\t\t\t\tphoneInput.addClass('mpa-phone-number--invalid');\n\t\t\t\t\t\t\tphoneInputError.removeClass('mpa-hide');\n\t\t\t\t\t\t}\n\t\t\t\t\t}\n\n\t\t\t\t\tshowOrHidePhoneError();\n\t\t\t\t}, false);\n\t\t\t}());\n\t\t<\/script>\n\n\t\t\n\t\t\t<p class=\"mpa-input-wrapper mpa-customer-notes-wrapper\">\n\t\t\t\t<label for=\"mpa-customer-notes-6a04f99028792\">\n\t\t\t\t\tBooking notes\t\t\t\t<\/label>\n\n\t\t\t\t<textarea\n\t\t\t\t\tid=\"mpa-customer-notes-6a04f99028792\"\n\t\t\t\t\tclass=\"mpa-customer-notes\"\n\t\t\t\t\tname=\"notes\"\n\t\t\t\t\trows=\"4\"><\/textarea>\n\t\t\t<\/p>\n\n\t\t\t        <\/section>\n\n        \n\t\t\n\t\t<p class=\"mpa-actions\">\n\t\t\t<button type=\"button\" class=\"button button-secondary mpa-button-back\">Retourner<\/button>\t\t\t<button type=\"submit\" class=\"button button-primary mpa-button-next\" disabled=\"disabled\">Suivant<\/button>\t\t<\/p>\n\t<\/form>\n<\/div>\n<div class=\"mpa-booking-step mpa-booking-step-payment mpa-hide\">\n\t<form class=\"mpa-checkout-form\" method=\"POST\" action=\"\">\n\t\t<section class=\"mpa-checkout-section mpa-order-details\">\n\t<p class=\"mpa-shortcode-title\">\n\t\tVotre commande\t<\/p>\n\n\t<div class=\"mpa-order\"><\/div>\n<\/section>\n<section class=\"mpa-checkout-section mpa-coupon-details\">\n\t<p class=\"mpa-shortcode-title\">\n\t\tCoupon\t<\/p>\n\n\t<p class=\"mpa-input-wrapper mpa-coupon-code-wrapper\">\n\t\t<input type=\"text\" name=\"coupon_code\" class=\"mpa-coupon-code\" placeholder=\"Coupon code\" autocomplete=\"off\">\n\t\t<span class=\"mpa-preloader mpa-hide\"><\/span>\n\t<\/p>\n\n\t<p class=\"mpa-input-wrapper mpa-apply-coupon-wrapper\">\n\t\t<button type=\"button\" class=\"button mpa-apply-coupon-button\">Apply<\/button>\t<\/p>\n\n\t<p class=\"mpa-message-wrapper mpa-hide\"><\/p>\n<\/section>\n\n\t\t\n\t\t<section class=\"mpa-billing-details mpa-checkout-section\">\n\t\t\t<p class=\"mpa-shortcode-title mpa-payment-gateways-title\">\n\t\t\t\tMode de paiement\t\t\t<\/p>\n\n\t\t\t\t\t\t\t<p class=\"mpa-no-payment-gateways\">\n\t\t\t\t\tD\u00e9sol\u00e9, il semble qu&#039;il n&#039;existe pas de m\u00e9thodes de paiement disponibles.\t\t\t\t<\/p>\n\t\t\t\t\t<\/section>\n\n\t\t\n        <p class=\"mpa-message mpa-error mpa-hide\"><\/p>\n\n\t\t<p class=\"mpa-actions\">\n\t\t\t<button type=\"button\" class=\"button button-secondary mpa-button-back\">Retourner<\/button>\t\t\t<button type=\"submit\" class=\"button button-primary mpa-button-next\" disabled=\"disabled\">R\u00e9server<\/button>\t\t<\/p>\n\t<\/form>\n\n\t<div class=\"mpa-loading\"><\/div>\n<\/div>\n<div class=\"mpa-booking-step mpa-booking-step-booking mpa-hide\">\r\n    <p class=\"mpa-message\">\r\n        Making a reservation...        <span class=\"mpa-preloader\"><\/span>\r\n    <\/p>\r\n\r\n    \r\n    <p class=\"mpa-actions mpa-hide\">\r\n        <button type=\"button\" class=\"button button-secondary mpa-button-back\">Back<\/button>        <button type=\"button\" class=\"button button-primary mpa-button-reset\">Add New Reservation<\/button>    <\/p>\r\n<\/div>\r\n\n<p class=\"mpa-message mpa-error mpa-hide\"><\/p>\n\n<div class=\"mpa-loading\"><\/div>\n<\/div>\n","protected":false},"excerpt":{"rendered":"","protected":false},"author":1,"featured_media":0,"parent":0,"menu_order":0,"comment_status":"closed","ping_status":"closed","template":"","meta":{"inline_featured_image":false,"_themeisle_gutenberg_block_has_review":false,"footnotes":""},"class_list":["post-3988","page","type-page","status-publish","hentry"],"_links":{"self":[{"href":"https:\/\/manuelregnier.fr\/index.php\/wp-json\/wp\/v2\/pages\/3988","targetHints":{"allow":["GET"]}}],"collection":[{"href":"https:\/\/manuelregnier.fr\/index.php\/wp-json\/wp\/v2\/pages"}],"about":[{"href":"https:\/\/manuelregnier.fr\/index.php\/wp-json\/wp\/v2\/types\/page"}],"author":[{"embeddable":true,"href":"https:\/\/manuelregnier.fr\/index.php\/wp-json\/wp\/v2\/users\/1"}],"replies":[{"embeddable":true,"href":"https:\/\/manuelregnier.fr\/index.php\/wp-json\/wp\/v2\/comments?post=3988"}],"version-history":[{"count":1,"href":"https:\/\/manuelregnier.fr\/index.php\/wp-json\/wp\/v2\/pages\/3988\/revisions"}],"predecessor-version":[{"id":3989,"href":"https:\/\/manuelregnier.fr\/index.php\/wp-json\/wp\/v2\/pages\/3988\/revisions\/3989"}],"wp:attachment":[{"href":"https:\/\/manuelregnier.fr\/index.php\/wp-json\/wp\/v2\/media?parent=3988"}],"curies":[{"name":"wp","href":"https:\/\/api.w.org\/{rel}","templated":true}]}}