{"id":4054,"date":"2025-07-05T16:21:47","date_gmt":"2025-07-05T14:21:47","guid":{"rendered":"https:\/\/manuelregnier.fr\/?page_id=4054"},"modified":"2025-08-22T22:24:03","modified_gmt":"2025-08-22T20:24:03","slug":"projection","status":"publish","type":"page","link":"https:\/\/manuelregnier.fr\/index.php\/projection\/","title":{"rendered":"Projection 13 Septembre 20H"},"content":{"rendered":"\n<h2 class=\"wp-block-heading\">La projection<\/h2>\n\n\n\n<p>Projection du film ESPERANCES EN MARCHE le samedi 13 septembre 2025 \u00e0 20H pr\u00e9cise en pr\u00e9sence du r\u00e9alisateur.<\/p>\n\n\n\n<p>Suivra un \u00e9change avec Michel Maxime <a href=\"https:\/\/manuelregnier.fr\/index.php\/employee\/michel-maxime-egger\/\" data-type=\"mpa_employee\" data-id=\"4095\">EGGER <\/a>(th\u00e9ologien de l&rsquo;\u00e9cologie) et Marie <a href=\"https:\/\/manuelregnier.fr\/index.php\/employee\/marie-cenec\/\" data-type=\"mpa_employee\" data-id=\"4098\">CENEC <\/a>(pasteure, Podcast En Esp\u00e9rance), en visio conf\u00e9rence, anim\u00e9e par Etienne <a href=\"https:\/\/manuelregnier.fr\/index.php\/employee\/etienne-faure\/\" data-type=\"mpa_employee\" data-id=\"4237\">FAURE <\/a>(Dioc\u00e8se du Jura &#8211; Ecologie).<\/p>\n\n\n\n<p>Le public pourra poser des questions \u00e9crites apr\u00e8s la projection. <\/p>\n\n\n\n<h2 class=\"wp-block-heading\">ACCUEIL Buffet A 19H<\/h2>\n\n\n\n<p>L&rsquo;accueil commence \u00e0 19H. Un buffet participatif vous est propos\u00e9 : vous pouvez participer en amenant quelque chose \u00e0 partager. <\/p>\n\n\n\n<h2 class=\"wp-block-heading\">Adresse<\/h2>\n\n\n\n<p>Lieu de projection pr\u00e8s des sources du Lison (non loin de Salins les Bains, Arbois, Poligny, Champagnole, Lons le Saunier, Pontarlier &#8211; 30 mn de Besan\u00e7on).<\/p>\n\n\n\n<iframe src=\"https:\/\/www.google.com\/maps\/embed?pb=!1m18!1m12!1m3!1d2722.27940631674!2d5.994628076694704!3d46.975846431320605!2m3!1f0!2f0!3f0!3m2!1i1024!2i768!4f13.1!3m3!1m2!1s0x478d0d53ca0592f1%3A0x60b9e3ae460252a2!2sLison%20des%20Sources!5e0!3m2!1sfr!2sfr!4v1755184386902!5m2!1sfr!2sfr\" width=\"600\" height=\"450\" style=\"border:0;\" allowfullscreen=\"\" loading=\"lazy\" referrerpolicy=\"no-referrer-when-downgrade\"><\/iframe>\n\n\n\n<p>LISON DES SOURCES<\/p>\n\n\n\n<p>19 Grande Rue<br>25330 NANS\/Ste Anne<br>France<\/p>\n\n\n\n<div class=\"wp-block-buttons is-content-justification-center is-layout-flex wp-container-core-buttons-is-layout-16018d1d wp-block-buttons-is-layout-flex\">\n<div class=\"wp-block-button\"><a class=\"wp-block-button__link has-text-align-center wp-element-button\" href=\"https:\/\/manuelregnier.fr\/index.php\/resume-du-film-esperances\/\">Plus d&rsquo;infos sur le projet, le film, les ateliers et le week-end<\/a><\/div>\n<\/div>\n\n\n\n<h2 class=\"wp-block-heading\">R\u00e9servations<\/h2>\n\n\n\n<p>Il est conseill\u00e9 de r\u00e9server sa projection compte tenu du nombre de places limit\u00e9es par SMS au 07.82.16.88.80.<\/p>\n\n\n\n<figure class=\"wp-block-gallery has-nested-images columns-default is-cropped wp-block-gallery-1 is-layout-flex wp-block-gallery-is-layout-flex\">\n<figure class=\"wp-block-image size-large\"><img loading=\"lazy\" decoding=\"async\" width=\"1024\" height=\"576\" data-id=\"4125\" src=\"https:\/\/manuelregnier.fr\/wp-content\/uploads\/2025\/07\/vlcsnap-2025-07-15-15h37m44s701-1024x576.png\" alt=\"\" class=\"wp-image-4125\" srcset=\"https:\/\/manuelregnier.fr\/wp-content\/uploads\/2025\/07\/vlcsnap-2025-07-15-15h37m44s701-1024x576.png 1024w, https:\/\/manuelregnier.fr\/wp-content\/uploads\/2025\/07\/vlcsnap-2025-07-15-15h37m44s701-300x169.png 300w, https:\/\/manuelregnier.fr\/wp-content\/uploads\/2025\/07\/vlcsnap-2025-07-15-15h37m44s701-768x432.png 768w, https:\/\/manuelregnier.fr\/wp-content\/uploads\/2025\/07\/vlcsnap-2025-07-15-15h37m44s701-1536x864.png 1536w, https:\/\/manuelregnier.fr\/wp-content\/uploads\/2025\/07\/vlcsnap-2025-07-15-15h37m44s701-1262x710.png 1262w, https:\/\/manuelregnier.fr\/wp-content\/uploads\/2025\/07\/vlcsnap-2025-07-15-15h37m44s701.png 1920w\" sizes=\"auto, (max-width: 1024px) 100vw, 1024px\" \/><\/figure>\n\n\n\n<figure class=\"wp-block-image size-large\"><img loading=\"lazy\" decoding=\"async\" width=\"1024\" height=\"576\" data-id=\"4127\" src=\"https:\/\/manuelregnier.fr\/wp-content\/uploads\/2025\/07\/vlcsnap-2025-07-15-15h40m32s162-1024x576.png\" alt=\"\" class=\"wp-image-4127\" srcset=\"https:\/\/manuelregnier.fr\/wp-content\/uploads\/2025\/07\/vlcsnap-2025-07-15-15h40m32s162-1024x576.png 1024w, https:\/\/manuelregnier.fr\/wp-content\/uploads\/2025\/07\/vlcsnap-2025-07-15-15h40m32s162-300x169.png 300w, https:\/\/manuelregnier.fr\/wp-content\/uploads\/2025\/07\/vlcsnap-2025-07-15-15h40m32s162-768x432.png 768w, https:\/\/manuelregnier.fr\/wp-content\/uploads\/2025\/07\/vlcsnap-2025-07-15-15h40m32s162-1536x864.png 1536w, https:\/\/manuelregnier.fr\/wp-content\/uploads\/2025\/07\/vlcsnap-2025-07-15-15h40m32s162-2048x1152.png 2048w, https:\/\/manuelregnier.fr\/wp-content\/uploads\/2025\/07\/vlcsnap-2025-07-15-15h40m32s162-1262x710.png 1262w\" sizes=\"auto, (max-width: 1024px) 100vw, 1024px\" \/><\/figure>\n\n\n\n<figure class=\"wp-block-image size-large\"><img loading=\"lazy\" decoding=\"async\" width=\"1024\" height=\"576\" data-id=\"4128\" src=\"https:\/\/manuelregnier.fr\/wp-content\/uploads\/2025\/07\/vlcsnap-2025-07-15-15h41m01s685-1024x576.png\" alt=\"\" class=\"wp-image-4128\" srcset=\"https:\/\/manuelregnier.fr\/wp-content\/uploads\/2025\/07\/vlcsnap-2025-07-15-15h41m01s685-1024x576.png 1024w, https:\/\/manuelregnier.fr\/wp-content\/uploads\/2025\/07\/vlcsnap-2025-07-15-15h41m01s685-300x169.png 300w, https:\/\/manuelregnier.fr\/wp-content\/uploads\/2025\/07\/vlcsnap-2025-07-15-15h41m01s685-768x432.png 768w, https:\/\/manuelregnier.fr\/wp-content\/uploads\/2025\/07\/vlcsnap-2025-07-15-15h41m01s685-1536x864.png 1536w, https:\/\/manuelregnier.fr\/wp-content\/uploads\/2025\/07\/vlcsnap-2025-07-15-15h41m01s685-1262x710.png 1262w, https:\/\/manuelregnier.fr\/wp-content\/uploads\/2025\/07\/vlcsnap-2025-07-15-15h41m01s685.png 1920w\" sizes=\"auto, (max-width: 1024px) 100vw, 1024px\" \/><\/figure>\n\n\n\n<figure class=\"wp-block-image size-large\"><img loading=\"lazy\" decoding=\"async\" width=\"1024\" height=\"576\" data-id=\"4129\" src=\"https:\/\/manuelregnier.fr\/wp-content\/uploads\/2025\/07\/vlcsnap-2025-07-15-15h41m46s888-1024x576.png\" alt=\"\" class=\"wp-image-4129\" srcset=\"https:\/\/manuelregnier.fr\/wp-content\/uploads\/2025\/07\/vlcsnap-2025-07-15-15h41m46s888-1024x576.png 1024w, https:\/\/manuelregnier.fr\/wp-content\/uploads\/2025\/07\/vlcsnap-2025-07-15-15h41m46s888-300x169.png 300w, https:\/\/manuelregnier.fr\/wp-content\/uploads\/2025\/07\/vlcsnap-2025-07-15-15h41m46s888-768x432.png 768w, https:\/\/manuelregnier.fr\/wp-content\/uploads\/2025\/07\/vlcsnap-2025-07-15-15h41m46s888-1536x864.png 1536w, https:\/\/manuelregnier.fr\/wp-content\/uploads\/2025\/07\/vlcsnap-2025-07-15-15h41m46s888-1262x710.png 1262w, https:\/\/manuelregnier.fr\/wp-content\/uploads\/2025\/07\/vlcsnap-2025-07-15-15h41m46s888.png 1920w\" sizes=\"auto, (max-width: 1024px) 100vw, 1024px\" \/><\/figure>\n\n\n\n<figure class=\"wp-block-image size-large\"><img loading=\"lazy\" decoding=\"async\" width=\"1024\" height=\"576\" data-id=\"4130\" src=\"https:\/\/manuelregnier.fr\/wp-content\/uploads\/2025\/07\/vlcsnap-2025-07-15-15h43m43s994-1024x576.png\" alt=\"\" class=\"wp-image-4130\" srcset=\"https:\/\/manuelregnier.fr\/wp-content\/uploads\/2025\/07\/vlcsnap-2025-07-15-15h43m43s994-1024x576.png 1024w, https:\/\/manuelregnier.fr\/wp-content\/uploads\/2025\/07\/vlcsnap-2025-07-15-15h43m43s994-300x169.png 300w, https:\/\/manuelregnier.fr\/wp-content\/uploads\/2025\/07\/vlcsnap-2025-07-15-15h43m43s994-768x432.png 768w, https:\/\/manuelregnier.fr\/wp-content\/uploads\/2025\/07\/vlcsnap-2025-07-15-15h43m43s994-1536x864.png 1536w, https:\/\/manuelregnier.fr\/wp-content\/uploads\/2025\/07\/vlcsnap-2025-07-15-15h43m43s994-1262x710.png 1262w, https:\/\/manuelregnier.fr\/wp-content\/uploads\/2025\/07\/vlcsnap-2025-07-15-15h43m43s994.png 1920w\" sizes=\"auto, (max-width: 1024px) 100vw, 1024px\" \/><\/figure>\n\n\n\n<figure class=\"wp-block-image size-large\"><img loading=\"lazy\" decoding=\"async\" width=\"1024\" height=\"576\" data-id=\"4131\" src=\"https:\/\/manuelregnier.fr\/wp-content\/uploads\/2025\/07\/vlcsnap-2025-07-15-15h44m29s493-1024x576.png\" alt=\"\" class=\"wp-image-4131\" srcset=\"https:\/\/manuelregnier.fr\/wp-content\/uploads\/2025\/07\/vlcsnap-2025-07-15-15h44m29s493-1024x576.png 1024w, https:\/\/manuelregnier.fr\/wp-content\/uploads\/2025\/07\/vlcsnap-2025-07-15-15h44m29s493-300x169.png 300w, https:\/\/manuelregnier.fr\/wp-content\/uploads\/2025\/07\/vlcsnap-2025-07-15-15h44m29s493-768x432.png 768w, https:\/\/manuelregnier.fr\/wp-content\/uploads\/2025\/07\/vlcsnap-2025-07-15-15h44m29s493-1536x864.png 1536w, https:\/\/manuelregnier.fr\/wp-content\/uploads\/2025\/07\/vlcsnap-2025-07-15-15h44m29s493-2048x1152.png 2048w, https:\/\/manuelregnier.fr\/wp-content\/uploads\/2025\/07\/vlcsnap-2025-07-15-15h44m29s493-1262x710.png 1262w\" sizes=\"auto, (max-width: 1024px) 100vw, 1024px\" \/><\/figure>\n\n\n\n<figure class=\"wp-block-image size-large\"><img loading=\"lazy\" decoding=\"async\" width=\"1024\" height=\"576\" data-id=\"4132\" src=\"https:\/\/manuelregnier.fr\/wp-content\/uploads\/2025\/07\/vlcsnap-2025-07-15-15h44m59s921-1024x576.png\" alt=\"\" class=\"wp-image-4132\" srcset=\"https:\/\/manuelregnier.fr\/wp-content\/uploads\/2025\/07\/vlcsnap-2025-07-15-15h44m59s921-1024x576.png 1024w, https:\/\/manuelregnier.fr\/wp-content\/uploads\/2025\/07\/vlcsnap-2025-07-15-15h44m59s921-300x169.png 300w, https:\/\/manuelregnier.fr\/wp-content\/uploads\/2025\/07\/vlcsnap-2025-07-15-15h44m59s921-768x432.png 768w, https:\/\/manuelregnier.fr\/wp-content\/uploads\/2025\/07\/vlcsnap-2025-07-15-15h44m59s921-1536x864.png 1536w, https:\/\/manuelregnier.fr\/wp-content\/uploads\/2025\/07\/vlcsnap-2025-07-15-15h44m59s921-2048x1152.png 2048w, https:\/\/manuelregnier.fr\/wp-content\/uploads\/2025\/07\/vlcsnap-2025-07-15-15h44m59s921-1262x710.png 1262w\" sizes=\"auto, (max-width: 1024px) 100vw, 1024px\" \/><\/figure>\n\n\n\n<figure class=\"wp-block-image size-large\"><img loading=\"lazy\" decoding=\"async\" width=\"1024\" height=\"576\" data-id=\"4133\" src=\"https:\/\/manuelregnier.fr\/wp-content\/uploads\/2025\/07\/vlcsnap-2025-07-15-15h45m45s620-1024x576.png\" alt=\"\" class=\"wp-image-4133\" srcset=\"https:\/\/manuelregnier.fr\/wp-content\/uploads\/2025\/07\/vlcsnap-2025-07-15-15h45m45s620-1024x576.png 1024w, https:\/\/manuelregnier.fr\/wp-content\/uploads\/2025\/07\/vlcsnap-2025-07-15-15h45m45s620-300x169.png 300w, https:\/\/manuelregnier.fr\/wp-content\/uploads\/2025\/07\/vlcsnap-2025-07-15-15h45m45s620-768x432.png 768w, https:\/\/manuelregnier.fr\/wp-content\/uploads\/2025\/07\/vlcsnap-2025-07-15-15h45m45s620-1536x864.png 1536w, https:\/\/manuelregnier.fr\/wp-content\/uploads\/2025\/07\/vlcsnap-2025-07-15-15h45m45s620-2048x1152.png 2048w, https:\/\/manuelregnier.fr\/wp-content\/uploads\/2025\/07\/vlcsnap-2025-07-15-15h45m45s620-1262x710.png 1262w\" sizes=\"auto, (max-width: 1024px) 100vw, 1024px\" \/><\/figure>\n\n\n\n<figure class=\"wp-block-image size-large\"><img loading=\"lazy\" decoding=\"async\" width=\"1024\" height=\"576\" data-id=\"4134\" src=\"https:\/\/manuelregnier.fr\/wp-content\/uploads\/2025\/07\/vlcsnap-2025-07-15-15h47m25s420-1024x576.png\" alt=\"\" class=\"wp-image-4134\" srcset=\"https:\/\/manuelregnier.fr\/wp-content\/uploads\/2025\/07\/vlcsnap-2025-07-15-15h47m25s420-1024x576.png 1024w, https:\/\/manuelregnier.fr\/wp-content\/uploads\/2025\/07\/vlcsnap-2025-07-15-15h47m25s420-300x169.png 300w, https:\/\/manuelregnier.fr\/wp-content\/uploads\/2025\/07\/vlcsnap-2025-07-15-15h47m25s420-768x432.png 768w, https:\/\/manuelregnier.fr\/wp-content\/uploads\/2025\/07\/vlcsnap-2025-07-15-15h47m25s420-1536x864.png 1536w, https:\/\/manuelregnier.fr\/wp-content\/uploads\/2025\/07\/vlcsnap-2025-07-15-15h47m25s420-1262x710.png 1262w, https:\/\/manuelregnier.fr\/wp-content\/uploads\/2025\/07\/vlcsnap-2025-07-15-15h47m25s420.png 1920w\" sizes=\"auto, (max-width: 1024px) 100vw, 1024px\" \/><\/figure>\n\n\n\n<figure class=\"wp-block-image size-large\"><img loading=\"lazy\" decoding=\"async\" width=\"1024\" height=\"576\" data-id=\"4135\" src=\"https:\/\/manuelregnier.fr\/wp-content\/uploads\/2025\/07\/vlcsnap-2025-07-15-15h48m39s812-1024x576.png\" alt=\"\" class=\"wp-image-4135\" srcset=\"https:\/\/manuelregnier.fr\/wp-content\/uploads\/2025\/07\/vlcsnap-2025-07-15-15h48m39s812-1024x576.png 1024w, https:\/\/manuelregnier.fr\/wp-content\/uploads\/2025\/07\/vlcsnap-2025-07-15-15h48m39s812-300x169.png 300w, https:\/\/manuelregnier.fr\/wp-content\/uploads\/2025\/07\/vlcsnap-2025-07-15-15h48m39s812-768x432.png 768w, https:\/\/manuelregnier.fr\/wp-content\/uploads\/2025\/07\/vlcsnap-2025-07-15-15h48m39s812-1536x864.png 1536w, https:\/\/manuelregnier.fr\/wp-content\/uploads\/2025\/07\/vlcsnap-2025-07-15-15h48m39s812-1262x710.png 1262w, https:\/\/manuelregnier.fr\/wp-content\/uploads\/2025\/07\/vlcsnap-2025-07-15-15h48m39s812.png 1920w\" sizes=\"auto, (max-width: 1024px) 100vw, 1024px\" \/><\/figure>\n<\/figure>\n\n\n\n<div class=\"wp-block-buttons alignfull is-layout-flex wp-block-buttons-is-layout-flex\">\n<div class=\"wp-block-button has-custom-width wp-block-button__width-100\"><a class=\"wp-block-button__link wp-element-button\" href=\"https:\/\/manuelregnier.fr\/index.php\/intervenants\/\">Voir les intervenants<\/a><\/div>\n<\/div>\n","protected":false},"excerpt":{"rendered":"<p>La projection Projection du film ESPERANCES EN MARCHE le samedi 13 septembre 2025 \u00e0 20H pr\u00e9cise en pr\u00e9sence du r\u00e9alisateur. Suivra un \u00e9change avec Michel Maxime EGGER (th\u00e9ologien de l&rsquo;\u00e9cologie) et Marie CENEC (pasteure, Podcast En Esp\u00e9rance), en visio conf\u00e9rence, anim\u00e9e par Etienne FAURE (Dioc\u00e8se du Jura &#8211; Ecologie). Le public pourra poser des questions [&hellip;]<\/p>\n","protected":false},"author":1,"featured_media":0,"parent":0,"menu_order":0,"comment_status":"closed","ping_status":"closed","template":"","meta":{"inline_featured_image":false,"_themeisle_gutenberg_block_has_review":false,"footnotes":""},"class_list":["post-4054","page","type-page","status-publish","hentry"],"_links":{"self":[{"href":"https:\/\/manuelregnier.fr\/index.php\/wp-json\/wp\/v2\/pages\/4054","targetHints":{"allow":["GET"]}}],"collection":[{"href":"https:\/\/manuelregnier.fr\/index.php\/wp-json\/wp\/v2\/pages"}],"about":[{"href":"https:\/\/manuelregnier.fr\/index.php\/wp-json\/wp\/v2\/types\/page"}],"author":[{"embeddable":true,"href":"https:\/\/manuelregnier.fr\/index.php\/wp-json\/wp\/v2\/users\/1"}],"replies":[{"embeddable":true,"href":"https:\/\/manuelregnier.fr\/index.php\/wp-json\/wp\/v2\/comments?post=4054"}],"version-history":[{"count":11,"href":"https:\/\/manuelregnier.fr\/index.php\/wp-json\/wp\/v2\/pages\/4054\/revisions"}],"predecessor-version":[{"id":4286,"href":"https:\/\/manuelregnier.fr\/index.php\/wp-json\/wp\/v2\/pages\/4054\/revisions\/4286"}],"wp:attachment":[{"href":"https:\/\/manuelregnier.fr\/index.php\/wp-json\/wp\/v2\/media?parent=4054"}],"curies":[{"name":"wp","href":"https:\/\/api.w.org\/{rel}","templated":true}]}}