{"id":51,"date":"2022-03-27T16:35:59","date_gmt":"2022-03-27T16:35:59","guid":{"rendered":"https:\/\/themes.getmotopress.com\/pixetty\/?page_id=51"},"modified":"2025-07-15T16:35:25","modified_gmt":"2025-07-15T14:35:25","slug":"intervenants","status":"publish","type":"page","link":"https:\/\/manuelregnier.fr\/index.php\/intervenants\/","title":{"rendered":"intervenants"},"content":{"rendered":"\n<div class=\"wp-block-getwid-section alignfull alignfull\"><div class=\"wp-block-getwid-section__wrapper\"><div class=\"wp-block-getwid-section__inner-wrapper\"><div class=\"wp-block-getwid-section__background-holder\"><div class=\"wp-block-getwid-section__background\"><\/div><div class=\"wp-block-getwid-section__foreground\"><\/div><\/div><div class=\"wp-block-getwid-section__content\"><div class=\"wp-block-getwid-section__inner-content\"><div class=\"mpa-shortcode mpa-employees-list-shortcode\"><div class=\"mpa-posts-wrapper mpa-posts-loop mpa-grid mpa-grid-columns-2\"><div class=\"mpa-grid-column post-4190 mpa_employee type-mpa_employee status-publish has-post-thumbnail\">\n\t<div class=\"mpa-loop-post-wrapper\">\n\t\t\n\t\t<p class=\"post-thumbnail mpa-loop-post-thumbnail\">\n\t<a href=\"https:\/\/manuelregnier.fr\/index.php\/employee\/aurelie-courty\/\">\n\t\t<img loading=\"lazy\" decoding=\"async\" width=\"768\" height=\"715\" src=\"https:\/\/manuelregnier.fr\/wp-content\/uploads\/2025\/07\/Aurelie-COURTY-e1752855524994.jpg\" class=\"attachment-post-thumbnail size-post-thumbnail wp-post-image\" alt=\"\" srcset=\"https:\/\/manuelregnier.fr\/wp-content\/uploads\/2025\/07\/Aurelie-COURTY-e1752855524994.jpg 768w, https:\/\/manuelregnier.fr\/wp-content\/uploads\/2025\/07\/Aurelie-COURTY-e1752855524994-300x279.jpg 300w\" sizes=\"auto, (max-width: 768px) 100vw, 768px\" \/>\t<\/a>\n<\/p>\n\n\t\t    <div class=\"mpa-employee-content-wrap\">\r\n    <div class=\"mpa-employee-content\">\r\n<h2 class=\"entry-title mpa-post-title\">\n\t<a href=\"https:\/\/manuelregnier.fr\/index.php\/employee\/aurelie-courty\/\">\n\t\tAur\u00e9lie COURTY\t<\/a>\n<\/h2>\n\n\t\t\n\t\t<div class=\"entry-excerpt\">\n\t<p>Pure nature<\/p>\n<\/div>\n\n\t\t\n\t\t\n\t\t    <\/div>\r\n    <a href=\"https:\/\/manuelregnier.fr\/index.php\/employee\/aurelie-courty\/\"\r\n       class=\"button loop-employee-link\">Make an Appointment<\/a>\r\n        <\/div>\r\n\t<\/div>\n<\/div>\n\n<div class=\"mpa-grid-column post-4080 mpa_employee type-mpa_employee status-publish has-post-thumbnail\">\n\t<div class=\"mpa-loop-post-wrapper\">\n\t\t\n\t\t<p class=\"post-thumbnail mpa-loop-post-thumbnail\">\n\t<a href=\"https:\/\/manuelregnier.fr\/index.php\/employee\/baptiste\/\">\n\t\t<img loading=\"lazy\" decoding=\"async\" width=\"1262\" height=\"710\" src=\"https:\/\/manuelregnier.fr\/wp-content\/uploads\/2025\/06\/Baptiste-1262x710.jpg\" class=\"attachment-post-thumbnail size-post-thumbnail wp-post-image\" alt=\"\" srcset=\"https:\/\/manuelregnier.fr\/wp-content\/uploads\/2025\/06\/Baptiste-1262x710.jpg 1262w, https:\/\/manuelregnier.fr\/wp-content\/uploads\/2025\/06\/Baptiste-300x169.jpg 300w, https:\/\/manuelregnier.fr\/wp-content\/uploads\/2025\/06\/Baptiste-1024x576.jpg 1024w, https:\/\/manuelregnier.fr\/wp-content\/uploads\/2025\/06\/Baptiste-768x432.jpg 768w, https:\/\/manuelregnier.fr\/wp-content\/uploads\/2025\/06\/Baptiste-1536x864.jpg 1536w, https:\/\/manuelregnier.fr\/wp-content\/uploads\/2025\/06\/Baptiste.jpg 1920w\" sizes=\"auto, (max-width: 1262px) 100vw, 1262px\" \/>\t<\/a>\n<\/p>\n\n\t\t    <div class=\"mpa-employee-content-wrap\">\r\n    <div class=\"mpa-employee-content\">\r\n<h2 class=\"entry-title mpa-post-title\">\n\t<a href=\"https:\/\/manuelregnier.fr\/index.php\/employee\/baptiste\/\">\n\t\tBaptiste\t<\/a>\n<\/h2>\n\n\t\t\n\t\t<div class=\"entry-excerpt\">\n\t<p>Aventurier spirituel<\/p>\n<\/div>\n\n\t\t\n\t\t\n\t\t    <\/div>\r\n    <a href=\"https:\/\/manuelregnier.fr\/index.php\/employee\/baptiste\/\"\r\n       class=\"button loop-employee-link\">Make an Appointment<\/a>\r\n        <\/div>\r\n\t<\/div>\n<\/div>\n\n<div class=\"mpa-grid-column post-4091 mpa_employee type-mpa_employee status-publish has-post-thumbnail\">\n\t<div class=\"mpa-loop-post-wrapper\">\n\t\t\n\t\t<p class=\"post-thumbnail mpa-loop-post-thumbnail\">\n\t<a href=\"https:\/\/manuelregnier.fr\/index.php\/employee\/bertrand\/\">\n\t\t<img loading=\"lazy\" decoding=\"async\" width=\"1262\" height=\"710\" src=\"https:\/\/manuelregnier.fr\/wp-content\/uploads\/2025\/06\/Bertrand-1262x710.jpg\" class=\"attachment-post-thumbnail size-post-thumbnail wp-post-image\" alt=\"\" srcset=\"https:\/\/manuelregnier.fr\/wp-content\/uploads\/2025\/06\/Bertrand-1262x710.jpg 1262w, https:\/\/manuelregnier.fr\/wp-content\/uploads\/2025\/06\/Bertrand-300x169.jpg 300w, https:\/\/manuelregnier.fr\/wp-content\/uploads\/2025\/06\/Bertrand-1024x576.jpg 1024w, https:\/\/manuelregnier.fr\/wp-content\/uploads\/2025\/06\/Bertrand-768x432.jpg 768w, https:\/\/manuelregnier.fr\/wp-content\/uploads\/2025\/06\/Bertrand-1536x864.jpg 1536w, https:\/\/manuelregnier.fr\/wp-content\/uploads\/2025\/06\/Bertrand.jpg 1920w\" sizes=\"auto, (max-width: 1262px) 100vw, 1262px\" \/>\t<\/a>\n<\/p>\n\n\t\t    <div class=\"mpa-employee-content-wrap\">\r\n    <div class=\"mpa-employee-content\">\r\n<h2 class=\"entry-title mpa-post-title\">\n\t<a href=\"https:\/\/manuelregnier.fr\/index.php\/employee\/bertrand\/\">\n\t\tBertrand\t<\/a>\n<\/h2>\n\n\t\t\n\t\t<div class=\"entry-excerpt\">\n\t<p>Lumi\u00e8re int\u00e9rieure<\/p>\n<\/div>\n\n\t\t\n\t\t\n\t\t    <\/div>\r\n    <a href=\"https:\/\/manuelregnier.fr\/index.php\/employee\/bertrand\/\"\r\n       class=\"button loop-employee-link\">Make an Appointment<\/a>\r\n        <\/div>\r\n\t<\/div>\n<\/div>\n\n<div class=\"mpa-grid-column post-4090 mpa_employee type-mpa_employee status-publish has-post-thumbnail\">\n\t<div class=\"mpa-loop-post-wrapper\">\n\t\t\n\t\t<p class=\"post-thumbnail mpa-loop-post-thumbnail\">\n\t<a href=\"https:\/\/manuelregnier.fr\/index.php\/employee\/christophe\/\">\n\t\t<img loading=\"lazy\" decoding=\"async\" width=\"1262\" height=\"710\" src=\"https:\/\/manuelregnier.fr\/wp-content\/uploads\/2025\/06\/Christophe-1262x710.jpg\" class=\"attachment-post-thumbnail size-post-thumbnail wp-post-image\" alt=\"\" srcset=\"https:\/\/manuelregnier.fr\/wp-content\/uploads\/2025\/06\/Christophe-1262x710.jpg 1262w, https:\/\/manuelregnier.fr\/wp-content\/uploads\/2025\/06\/Christophe-300x169.jpg 300w, https:\/\/manuelregnier.fr\/wp-content\/uploads\/2025\/06\/Christophe-1024x576.jpg 1024w, https:\/\/manuelregnier.fr\/wp-content\/uploads\/2025\/06\/Christophe-768x432.jpg 768w, https:\/\/manuelregnier.fr\/wp-content\/uploads\/2025\/06\/Christophe-1536x864.jpg 1536w, https:\/\/manuelregnier.fr\/wp-content\/uploads\/2025\/06\/Christophe.jpg 1920w\" sizes=\"auto, (max-width: 1262px) 100vw, 1262px\" \/>\t<\/a>\n<\/p>\n\n\t\t    <div class=\"mpa-employee-content-wrap\">\r\n    <div class=\"mpa-employee-content\">\r\n<h2 class=\"entry-title mpa-post-title\">\n\t<a href=\"https:\/\/manuelregnier.fr\/index.php\/employee\/christophe\/\">\n\t\tChristophe\t<\/a>\n<\/h2>\n\n\t\t\n\t\t<div class=\"entry-excerpt\">\n\t<p>En marche<\/p>\n<\/div>\n\n\t\t\n\t\t\n\t\t    <\/div>\r\n    <a href=\"https:\/\/manuelregnier.fr\/index.php\/employee\/christophe\/\"\r\n       class=\"button loop-employee-link\">Make an Appointment<\/a>\r\n        <\/div>\r\n\t<\/div>\n<\/div>\n\n<div class=\"mpa-grid-column post-4043 mpa_employee type-mpa_employee status-publish\">\n\t<div class=\"mpa-loop-post-wrapper\">\n\t\t\n\t\t\n\t\t    <div class=\"mpa-employee-content-wrap\">\r\n    <div class=\"mpa-employee-content\">\r\n<h2 class=\"entry-title mpa-post-title\">\n\t<a href=\"https:\/\/manuelregnier.fr\/index.php\/employee\/cle\/\">\n\t\tCl\u00e9\t<\/a>\n<\/h2>\n\n\t\t\n\t\t\n\t\t\n\t\t\n\t\t    <\/div>\r\n    <a href=\"https:\/\/manuelregnier.fr\/index.php\/employee\/cle\/\"\r\n       class=\"button loop-employee-link\">Make an Appointment<\/a>\r\n        <\/div>\r\n\t<\/div>\n<\/div>\n\n<div class=\"mpa-grid-column post-4141 mpa_employee type-mpa_employee status-publish has-post-thumbnail\">\n\t<div class=\"mpa-loop-post-wrapper\">\n\t\t\n\t\t<p class=\"post-thumbnail mpa-loop-post-thumbnail\">\n\t<a href=\"https:\/\/manuelregnier.fr\/index.php\/employee\/daniel-courty\/\">\n\t\t<img loading=\"lazy\" decoding=\"async\" width=\"1262\" height=\"1604\" src=\"https:\/\/manuelregnier.fr\/wp-content\/uploads\/2025\/07\/photo-Daniel-1262x1604.jpg\" class=\"attachment-post-thumbnail size-post-thumbnail wp-post-image\" alt=\"\" srcset=\"https:\/\/manuelregnier.fr\/wp-content\/uploads\/2025\/07\/photo-Daniel-1262x1604.jpg 1262w, https:\/\/manuelregnier.fr\/wp-content\/uploads\/2025\/07\/photo-Daniel-236x300.jpg 236w, https:\/\/manuelregnier.fr\/wp-content\/uploads\/2025\/07\/photo-Daniel-806x1024.jpg 806w, https:\/\/manuelregnier.fr\/wp-content\/uploads\/2025\/07\/photo-Daniel-768x976.jpg 768w, https:\/\/manuelregnier.fr\/wp-content\/uploads\/2025\/07\/photo-Daniel-1209x1536.jpg 1209w, https:\/\/manuelregnier.fr\/wp-content\/uploads\/2025\/07\/photo-Daniel-1612x2048.jpg 1612w, https:\/\/manuelregnier.fr\/wp-content\/uploads\/2025\/07\/photo-Daniel-scaled.jpg 2015w\" sizes=\"auto, (max-width: 1262px) 100vw, 1262px\" \/>\t<\/a>\n<\/p>\n\n\t\t    <div class=\"mpa-employee-content-wrap\">\r\n    <div class=\"mpa-employee-content\">\r\n<h2 class=\"entry-title mpa-post-title\">\n\t<a href=\"https:\/\/manuelregnier.fr\/index.php\/employee\/daniel-courty\/\">\n\t\tDaniel COURTY\t<\/a>\n<\/h2>\n\n\t\t\n\t\t<div class=\"entry-excerpt\">\n\t<p>Loin vers l&rsquo;horizon&#8230;<\/p>\n<\/div>\n\n\t\t\n\t\t\n\t\t    <\/div>\r\n    <a href=\"https:\/\/manuelregnier.fr\/index.php\/employee\/daniel-courty\/\"\r\n       class=\"button loop-employee-link\">Make an Appointment<\/a>\r\n        <\/div>\r\n\t<\/div>\n<\/div>\n\n<div class=\"mpa-grid-column post-4140 mpa_employee type-mpa_employee status-publish has-post-thumbnail\">\n\t<div class=\"mpa-loop-post-wrapper\">\n\t\t\n\t\t<p class=\"post-thumbnail mpa-loop-post-thumbnail\">\n\t<a href=\"https:\/\/manuelregnier.fr\/index.php\/employee\/eric-clotuche\/\">\n\t\t<img loading=\"lazy\" decoding=\"async\" width=\"797\" height=\"797\" src=\"https:\/\/manuelregnier.fr\/wp-content\/uploads\/2025\/07\/eric-clotuche-new.jpg\" class=\"attachment-post-thumbnail size-post-thumbnail wp-post-image\" alt=\"\" srcset=\"https:\/\/manuelregnier.fr\/wp-content\/uploads\/2025\/07\/eric-clotuche-new.jpg 797w, https:\/\/manuelregnier.fr\/wp-content\/uploads\/2025\/07\/eric-clotuche-new-300x300.jpg 300w, https:\/\/manuelregnier.fr\/wp-content\/uploads\/2025\/07\/eric-clotuche-new-150x150.jpg 150w, https:\/\/manuelregnier.fr\/wp-content\/uploads\/2025\/07\/eric-clotuche-new-768x768.jpg 768w\" sizes=\"auto, (max-width: 797px) 100vw, 797px\" \/>\t<\/a>\n<\/p>\n\n\t\t    <div class=\"mpa-employee-content-wrap\">\r\n    <div class=\"mpa-employee-content\">\r\n<h2 class=\"entry-title mpa-post-title\">\n\t<a href=\"https:\/\/manuelregnier.fr\/index.php\/employee\/eric-clotuche\/\">\n\t\tEric CLOTUCHE\t<\/a>\n<\/h2>\n\n\t\t\n\t\t<div class=\"entry-excerpt\">\n\t<p>M\u00e9ditation du coeur<\/p>\n<\/div>\n\n\t\t\n\t\t\n\t\t    <\/div>\r\n    <a href=\"https:\/\/manuelregnier.fr\/index.php\/employee\/eric-clotuche\/\"\r\n       class=\"button loop-employee-link\">Make an Appointment<\/a>\r\n        <\/div>\r\n\t<\/div>\n<\/div>\n\n<div class=\"mpa-grid-column post-4237 mpa_employee type-mpa_employee status-publish has-post-thumbnail\">\n\t<div class=\"mpa-loop-post-wrapper\">\n\t\t\n\t\t<p class=\"post-thumbnail mpa-loop-post-thumbnail\">\n\t<a href=\"https:\/\/manuelregnier.fr\/index.php\/employee\/etienne-faure\/\">\n\t\t<img loading=\"lazy\" decoding=\"async\" width=\"129\" height=\"170\" src=\"https:\/\/manuelregnier.fr\/wp-content\/uploads\/2025\/08\/Etienne-Faure.jpg\" class=\"attachment-post-thumbnail size-post-thumbnail wp-post-image\" alt=\"\" \/>\t<\/a>\n<\/p>\n\n\t\t    <div class=\"mpa-employee-content-wrap\">\r\n    <div class=\"mpa-employee-content\">\r\n<h2 class=\"entry-title mpa-post-title\">\n\t<a href=\"https:\/\/manuelregnier.fr\/index.php\/employee\/etienne-faure\/\">\n\t\tEtienne FAURE\t<\/a>\n<\/h2>\n\n\t\t\n\t\t<div class=\"entry-excerpt\">\n\t<p>Ecologie int\u00e9grale<\/p>\n<\/div>\n\n\t\t\n\t\t\n\t\t    <\/div>\r\n    <a href=\"https:\/\/manuelregnier.fr\/index.php\/employee\/etienne-faure\/\"\r\n       class=\"button loop-employee-link\">Make an Appointment<\/a>\r\n        <\/div>\r\n\t<\/div>\n<\/div>\n\n<div class=\"mpa-grid-column post-3983 mpa_employee type-mpa_employee status-publish has-post-thumbnail\">\n\t<div class=\"mpa-loop-post-wrapper\">\n\t\t\n\t\t<p class=\"post-thumbnail mpa-loop-post-thumbnail\">\n\t<a href=\"https:\/\/manuelregnier.fr\/index.php\/employee\/manuel-regnier\/\">\n\t\t<img loading=\"lazy\" decoding=\"async\" width=\"1262\" height=\"947\" src=\"https:\/\/manuelregnier.fr\/wp-content\/uploads\/2025\/06\/MR-1262x947.jpg\" class=\"attachment-post-thumbnail size-post-thumbnail wp-post-image\" alt=\"\" srcset=\"https:\/\/manuelregnier.fr\/wp-content\/uploads\/2025\/06\/MR-1262x947.jpg 1262w, https:\/\/manuelregnier.fr\/wp-content\/uploads\/2025\/06\/MR-300x225.jpg 300w, https:\/\/manuelregnier.fr\/wp-content\/uploads\/2025\/06\/MR-1024x768.jpg 1024w, https:\/\/manuelregnier.fr\/wp-content\/uploads\/2025\/06\/MR-768x576.jpg 768w, https:\/\/manuelregnier.fr\/wp-content\/uploads\/2025\/06\/MR-1536x1152.jpg 1536w, https:\/\/manuelregnier.fr\/wp-content\/uploads\/2025\/06\/MR.jpg 1600w\" sizes=\"auto, (max-width: 1262px) 100vw, 1262px\" \/>\t<\/a>\n<\/p>\n\n\t\t    <div class=\"mpa-employee-content-wrap\">\r\n    <div class=\"mpa-employee-content\">\r\n<h2 class=\"entry-title mpa-post-title\">\n\t<a href=\"https:\/\/manuelregnier.fr\/index.php\/employee\/manuel-regnier\/\">\n\t\tManuel REGNIER\t<\/a>\n<\/h2>\n\n\t\t\n\t\t<div class=\"entry-excerpt\">\n\t<p>R\u00e9alisateur d&rsquo;esp\u00e9rance<\/p>\n<\/div>\n\n\t\t\n\t\t\n\t\t    <\/div>\r\n    <a href=\"https:\/\/manuelregnier.fr\/index.php\/employee\/manuel-regnier\/\"\r\n       class=\"button loop-employee-link\">Make an Appointment<\/a>\r\n        <\/div>\r\n\t<\/div>\n<\/div>\n\n<div class=\"mpa-grid-column post-4098 mpa_employee type-mpa_employee status-publish has-post-thumbnail\">\n\t<div class=\"mpa-loop-post-wrapper\">\n\t\t\n\t\t<p class=\"post-thumbnail mpa-loop-post-thumbnail\">\n\t<a href=\"https:\/\/manuelregnier.fr\/index.php\/employee\/marie-cenec\/\">\n\t\t<img loading=\"lazy\" decoding=\"async\" width=\"1262\" height=\"710\" src=\"https:\/\/manuelregnier.fr\/wp-content\/uploads\/2025\/07\/Marie-Cenec-intervenante-Esperances-1262x710.png\" class=\"attachment-post-thumbnail size-post-thumbnail wp-post-image\" alt=\"\" srcset=\"https:\/\/manuelregnier.fr\/wp-content\/uploads\/2025\/07\/Marie-Cenec-intervenante-Esperances-1262x710.png 1262w, https:\/\/manuelregnier.fr\/wp-content\/uploads\/2025\/07\/Marie-Cenec-intervenante-Esperances-300x169.png 300w, https:\/\/manuelregnier.fr\/wp-content\/uploads\/2025\/07\/Marie-Cenec-intervenante-Esperances-1024x576.png 1024w, https:\/\/manuelregnier.fr\/wp-content\/uploads\/2025\/07\/Marie-Cenec-intervenante-Esperances-768x432.png 768w, https:\/\/manuelregnier.fr\/wp-content\/uploads\/2025\/07\/Marie-Cenec-intervenante-Esperances-1536x864.png 1536w, https:\/\/manuelregnier.fr\/wp-content\/uploads\/2025\/07\/Marie-Cenec-intervenante-Esperances.png 1920w\" sizes=\"auto, (max-width: 1262px) 100vw, 1262px\" \/>\t<\/a>\n<\/p>\n\n\t\t    <div class=\"mpa-employee-content-wrap\">\r\n    <div class=\"mpa-employee-content\">\r\n<h2 class=\"entry-title mpa-post-title\">\n\t<a href=\"https:\/\/manuelregnier.fr\/index.php\/employee\/marie-cenec\/\">\n\t\tMarie C\u00e9nec\t<\/a>\n<\/h2>\n\n\t\t\n\t\t<div class=\"entry-excerpt\">\n\t<p>La joie de l&rsquo;Esp\u00e9rance<\/p>\n<\/div>\n\n\t\t\n\t\t\n\t\t    <\/div>\r\n    <a href=\"https:\/\/manuelregnier.fr\/index.php\/employee\/marie-cenec\/\"\r\n       class=\"button loop-employee-link\">Make an Appointment<\/a>\r\n        <\/div>\r\n\t<\/div>\n<\/div>\n\n<div class=\"mpa-grid-column post-4294 mpa_employee type-mpa_employee status-publish has-post-thumbnail\">\n\t<div class=\"mpa-loop-post-wrapper\">\n\t\t\n\t\t<p class=\"post-thumbnail mpa-loop-post-thumbnail\">\n\t<a href=\"https:\/\/manuelregnier.fr\/index.php\/employee\/marie-christine-jouffroy-casenove\/\">\n\t\t<img loading=\"lazy\" decoding=\"async\" width=\"695\" height=\"1024\" src=\"https:\/\/manuelregnier.fr\/wp-content\/uploads\/2025\/09\/1756042070800blob.jpg\" class=\"attachment-post-thumbnail size-post-thumbnail wp-post-image\" alt=\"\" srcset=\"https:\/\/manuelregnier.fr\/wp-content\/uploads\/2025\/09\/1756042070800blob.jpg 695w, https:\/\/manuelregnier.fr\/wp-content\/uploads\/2025\/09\/1756042070800blob-204x300.jpg 204w\" sizes=\"auto, (max-width: 695px) 100vw, 695px\" \/>\t<\/a>\n<\/p>\n\n\t\t    <div class=\"mpa-employee-content-wrap\">\r\n    <div class=\"mpa-employee-content\">\r\n<h2 class=\"entry-title mpa-post-title\">\n\t<a href=\"https:\/\/manuelregnier.fr\/index.php\/employee\/marie-christine-jouffroy-casenove\/\">\n\t\tMarie Christine Jouffroy Casenove\t<\/a>\n<\/h2>\n\n\t\t\n\t\t<div class=\"entry-excerpt\">\n\t<p>Petite promenade \u00e0 la d\u00e9couverte des plantes sauvages<\/p>\n<\/div>\n\n\t\t\n\t\t\n\t\t    <\/div>\r\n    <a href=\"https:\/\/manuelregnier.fr\/index.php\/employee\/marie-christine-jouffroy-casenove\/\"\r\n       class=\"button loop-employee-link\">Make an Appointment<\/a>\r\n        <\/div>\r\n\t<\/div>\n<\/div>\n\n<div class=\"mpa-grid-column post-4099 mpa_employee type-mpa_employee status-publish has-post-thumbnail\">\n\t<div class=\"mpa-loop-post-wrapper\">\n\t\t\n\t\t<p class=\"post-thumbnail mpa-loop-post-thumbnail\">\n\t<a href=\"https:\/\/manuelregnier.fr\/index.php\/employee\/mgr-jean-luc-garin\/\">\n\t\t<img loading=\"lazy\" decoding=\"async\" width=\"1262\" height=\"710\" src=\"https:\/\/manuelregnier.fr\/wp-content\/uploads\/2025\/06\/Mgr-2-1262x710.jpg\" class=\"attachment-post-thumbnail size-post-thumbnail wp-post-image\" alt=\"\" srcset=\"https:\/\/manuelregnier.fr\/wp-content\/uploads\/2025\/06\/Mgr-2-1262x710.jpg 1262w, https:\/\/manuelregnier.fr\/wp-content\/uploads\/2025\/06\/Mgr-2-300x169.jpg 300w, https:\/\/manuelregnier.fr\/wp-content\/uploads\/2025\/06\/Mgr-2-1024x576.jpg 1024w, https:\/\/manuelregnier.fr\/wp-content\/uploads\/2025\/06\/Mgr-2-768x432.jpg 768w, https:\/\/manuelregnier.fr\/wp-content\/uploads\/2025\/06\/Mgr-2-1536x864.jpg 1536w, https:\/\/manuelregnier.fr\/wp-content\/uploads\/2025\/06\/Mgr-2.jpg 1920w\" sizes=\"auto, (max-width: 1262px) 100vw, 1262px\" \/>\t<\/a>\n<\/p>\n\n\t\t    <div class=\"mpa-employee-content-wrap\">\r\n    <div class=\"mpa-employee-content\">\r\n<h2 class=\"entry-title mpa-post-title\">\n\t<a href=\"https:\/\/manuelregnier.fr\/index.php\/employee\/mgr-jean-luc-garin\/\">\n\t\tMgr Jean-Luc GARIN\t<\/a>\n<\/h2>\n\n\t\t\n\t\t<div class=\"entry-excerpt\">\n\t<p>L&rsquo;esp\u00e9rance ne d\u00e9\u00e7oit pas<\/p>\n<\/div>\n\n\t\t\n\t\t\n\t\t    <\/div>\r\n    <a href=\"https:\/\/manuelregnier.fr\/index.php\/employee\/mgr-jean-luc-garin\/\"\r\n       class=\"button loop-employee-link\">Make an Appointment<\/a>\r\n        <\/div>\r\n\t<\/div>\n<\/div>\n\n<div class=\"mpa-grid-column post-4095 mpa_employee type-mpa_employee status-publish has-post-thumbnail\">\n\t<div class=\"mpa-loop-post-wrapper\">\n\t\t\n\t\t<p class=\"post-thumbnail mpa-loop-post-thumbnail\">\n\t<a href=\"https:\/\/manuelregnier.fr\/index.php\/employee\/michel-maxime-egger\/\">\n\t\t<img loading=\"lazy\" decoding=\"async\" width=\"1262\" height=\"710\" src=\"https:\/\/manuelregnier.fr\/wp-content\/uploads\/2025\/06\/Michel-Maxime-EGGER-1262x710.jpg\" class=\"attachment-post-thumbnail size-post-thumbnail wp-post-image\" alt=\"\" srcset=\"https:\/\/manuelregnier.fr\/wp-content\/uploads\/2025\/06\/Michel-Maxime-EGGER-1262x710.jpg 1262w, https:\/\/manuelregnier.fr\/wp-content\/uploads\/2025\/06\/Michel-Maxime-EGGER-300x169.jpg 300w, https:\/\/manuelregnier.fr\/wp-content\/uploads\/2025\/06\/Michel-Maxime-EGGER-1024x576.jpg 1024w, https:\/\/manuelregnier.fr\/wp-content\/uploads\/2025\/06\/Michel-Maxime-EGGER-768x432.jpg 768w, https:\/\/manuelregnier.fr\/wp-content\/uploads\/2025\/06\/Michel-Maxime-EGGER-1536x864.jpg 1536w, https:\/\/manuelregnier.fr\/wp-content\/uploads\/2025\/06\/Michel-Maxime-EGGER.jpg 1920w\" sizes=\"auto, (max-width: 1262px) 100vw, 1262px\" \/>\t<\/a>\n<\/p>\n\n\t\t    <div class=\"mpa-employee-content-wrap\">\r\n    <div class=\"mpa-employee-content\">\r\n<h2 class=\"entry-title mpa-post-title\">\n\t<a href=\"https:\/\/manuelregnier.fr\/index.php\/employee\/michel-maxime-egger\/\">\n\t\tMichel Maxime EGGER\t<\/a>\n<\/h2>\n\n\t\t\n\t\t<div class=\"entry-excerpt\">\n\t<p>M\u00e9ditant-militant<\/p>\n<\/div>\n\n\t\t\n\t\t\n\t\t    <\/div>\r\n    <a href=\"https:\/\/manuelregnier.fr\/index.php\/employee\/michel-maxime-egger\/\"\r\n       class=\"button loop-employee-link\">Make an Appointment<\/a>\r\n        <\/div>\r\n\t<\/div>\n<\/div>\n\n<div class=\"mpa-grid-column post-4093 mpa_employee type-mpa_employee status-publish has-post-thumbnail\">\n\t<div class=\"mpa-loop-post-wrapper\">\n\t\t\n\t\t<p class=\"post-thumbnail mpa-loop-post-thumbnail\">\n\t<a href=\"https:\/\/manuelregnier.fr\/index.php\/employee\/pere-christophe\/\">\n\t\t<img loading=\"lazy\" decoding=\"async\" width=\"1262\" height=\"710\" src=\"https:\/\/manuelregnier.fr\/wp-content\/uploads\/2025\/06\/Lourdes-1262x710.jpg\" class=\"attachment-post-thumbnail size-post-thumbnail wp-post-image\" alt=\"\" srcset=\"https:\/\/manuelregnier.fr\/wp-content\/uploads\/2025\/06\/Lourdes-1262x710.jpg 1262w, https:\/\/manuelregnier.fr\/wp-content\/uploads\/2025\/06\/Lourdes-300x169.jpg 300w, https:\/\/manuelregnier.fr\/wp-content\/uploads\/2025\/06\/Lourdes-1024x576.jpg 1024w, https:\/\/manuelregnier.fr\/wp-content\/uploads\/2025\/06\/Lourdes-768x432.jpg 768w, https:\/\/manuelregnier.fr\/wp-content\/uploads\/2025\/06\/Lourdes-1536x864.jpg 1536w, https:\/\/manuelregnier.fr\/wp-content\/uploads\/2025\/06\/Lourdes.jpg 1920w\" sizes=\"auto, (max-width: 1262px) 100vw, 1262px\" \/>\t<\/a>\n<\/p>\n\n\t\t    <div class=\"mpa-employee-content-wrap\">\r\n    <div class=\"mpa-employee-content\">\r\n<h2 class=\"entry-title mpa-post-title\">\n\t<a href=\"https:\/\/manuelregnier.fr\/index.php\/employee\/pere-christophe\/\">\n\t\tP\u00e8re Christophe\t<\/a>\n<\/h2>\n\n\t\t\n\t\t<div class=\"entry-excerpt\">\n\t<p>La mis\u00e9ricorde de Marie<\/p>\n<\/div>\n\n\t\t\n\t\t\n\t\t    <\/div>\r\n    <a href=\"https:\/\/manuelregnier.fr\/index.php\/employee\/pere-christophe\/\"\r\n       class=\"button loop-employee-link\">Make an Appointment<\/a>\r\n        <\/div>\r\n\t<\/div>\n<\/div>\n\n<\/div><nav class=\"navigation pagination mpa-pagination\" role=\"navigation\">\n\t<div class=\"nav-links\"><span aria-current=\"page\" class=\"page-numbers current\"><span class=\"meta-nav screen-reader-text\">Page <\/span>1<\/span>\n<a class=\"page-numbers\" href=\"https:\/\/manuelregnier.fr\/index.php\/wp-json\/wp\/v2\/pages\/51\/page\/2\/\"><span class=\"meta-nav screen-reader-text\">Page <\/span>2<\/a>\n<a class=\"next page-numbers\" href=\"https:\/\/manuelregnier.fr\/index.php\/wp-json\/wp\/v2\/pages\/51\/page\/2\/\"><svg width=\"20\" height=\"21\" viewBox=\"0 0 20 21\" xmlns=\"http:\/\/www.w3.org\/2000\/svg\">\r\n                    <path d=\"M10 0.25L7.89175 2.35825L14.2925 8.75902L-5.02287e-07 8.75902L-3.71941e-07 11.741L14.2925 11.741L7.89176 18.1418L10 20.25L20 10.25L10 0.25Z\"\/>\r\n                <\/svg><\/a><\/div>\n<\/nav>\n<\/div><\/div><\/div><\/div><\/div><\/div>\n","protected":false},"excerpt":{"rendered":"<p>12 t\u00e9moins&#8230; et le Christ-Esp\u00e9rance<\/p>\n","protected":false},"author":1,"featured_media":3950,"parent":0,"menu_order":0,"comment_status":"closed","ping_status":"closed","template":"","meta":{"inline_featured_image":false,"_themeisle_gutenberg_block_has_review":false,"footnotes":""},"class_list":["post-51","page","type-page","status-publish","has-post-thumbnail","hentry"],"_links":{"self":[{"href":"https:\/\/manuelregnier.fr\/index.php\/wp-json\/wp\/v2\/pages\/51","targetHints":{"allow":["GET"]}}],"collection":[{"href":"https:\/\/manuelregnier.fr\/index.php\/wp-json\/wp\/v2\/pages"}],"about":[{"href":"https:\/\/manuelregnier.fr\/index.php\/wp-json\/wp\/v2\/types\/page"}],"author":[{"embeddable":true,"href":"https:\/\/manuelregnier.fr\/index.php\/wp-json\/wp\/v2\/users\/1"}],"replies":[{"embeddable":true,"href":"https:\/\/manuelregnier.fr\/index.php\/wp-json\/wp\/v2\/comments?post=51"}],"version-history":[{"count":8,"href":"https:\/\/manuelregnier.fr\/index.php\/wp-json\/wp\/v2\/pages\/51\/revisions"}],"predecessor-version":[{"id":4145,"href":"https:\/\/manuelregnier.fr\/index.php\/wp-json\/wp\/v2\/pages\/51\/revisions\/4145"}],"wp:featuredmedia":[{"embeddable":true,"href":"https:\/\/manuelregnier.fr\/index.php\/wp-json\/wp\/v2\/media\/3950"}],"wp:attachment":[{"href":"https:\/\/manuelregnier.fr\/index.php\/wp-json\/wp\/v2\/media?parent=51"}],"curies":[{"name":"wp","href":"https:\/\/api.w.org\/{rel}","templated":true}]}}